me number?
True
Is 11050510507 a prime number?
True
Is 38260465597 composite?
True
Is 54449744029 composite?
True
Is 9550610131 composite?
False
Is 4693037431 composite?
True
Is 1023877059 prime?
False
Is 1254677239 composite?
True
Is 23448282193 a composite number?
True
Is 1194029303 prime?
False
Is 662188213 prime?
False
Is 50090269 composite?
True
Is 11920694515 prime?
False
Is 47492723293 composite?
True
Is 2995707119 prime?
True
Is 10674710183 a composite number?
False
Is 1275872489 a composite number?
False
Is 64203442777 a composite number?
False
Is 16470577751 a prime number?
False
Is 283050151 a prime number?
True
Is 369630648535 composite?
True
Is 9570616831 prime?
True
Is 1060830647 a prime number?
True
Is 9728070193 a prime number?
False
Is 299965621 a prime number?
True
Is 4694756929 composite?
True
Is 5633089471 a prime number?
False
Is 3438515321 prime?
True
Is 1064170727 prime?
False
Is 6651889 prime?
False
Is 376770677 a composite number?
True
Is 64555505587 a prime number?
False
Is 14346715373 composite?
False
Is 41508201713 a prime number?
False
Is 26992657 a composite number?
False
Is 6705942469 prime?
False
Is 4017032143 a prime number?
False
Is 122477511553 a composite number?
False
Is 333099359 prime?
False
Is 160803359099 a composite number?
False
Is 467406217 a composite number?
True
Is 15578467 prime?
True
Is 428977271 prime?
False
Is 72106250287 composite?
False
Is 349744289 a composite number?
False
Is 19506897037 composite?
True
Is 3344152813 a composite number?
False
Is 1735956463 a composite number?
True
Is 94590625979 prime?
False
Is 8954480867 a prime number?
True
Is 1523229047 a composite number?
False
Is 29399255513 prime?
True
Is 56814799177 a composite number?
True
Is 7087606363 prime?
False
Is 10769635001 composite?
False
Is 3615179653 composite?
False
Is 13541045033 prime?
True
Is 1219425583 a composite number?
False
Is 7917361651 prime?
False
Is 2162912959 composite?
True
Is 57615179991 a composite number?
True
Is 4291058573 prime?
False
Is 19022504423 composite?
True
Is 93232584215 composite?
True
Is 992214169 a composite number?
True
Is 432714169 composite?
False
Is 43129666429 prime?
True
Is 1474439399 composite?
False
Is 16841538841 a composite number?
False
Is 977246773 prime?
False
Is 3879147413 prime?
True
Is 29951157017 a composite number?
True
Is 23656046371 a composite number?
False
Is 2136316963 composite?
True
Is 3189042371 prime?
True
Is 8645447429 prime?
False
Is 1016500769 prime?
True
Is 38271025453 a composite number?
False
Is 4677427523 a composite number?
False
Is 116892901291 prime?
True
Is 92968818583 prime?
False
Is 9632069159 a prime number?
False
Is 1124742427 prime?
False
Is 17063424613 prime?
True
Is 9540056251 a composite number?
True
Is 1735611121 prime?
True
Is 5031021547 composite?
False
Is 161764711 prime?
True
Is 1483083949 a prime number?
True
Is 3779162189 prime?
False
Is 112843781 composite?
False
Is 81040259 a composite number?
False
Is 56181502081 a prime number?
False
Is 5820098177 a prime number?
False
Is 2634439537 composite?
True
Is 757960439 a composite number?
False
Is 9203161147 composite?
False
Is 2422366391 a prime number?
False
Is 772808209 prime?
False
Is 1623777047 a prime number?
False
Is 3195166963 prime?
True
Is 683449309 a composite number?
False
Is 1953589783 a prime number?
False
Is 8928663763 prime?
True
Is 363933169 a composite number?
False
Is 290443397 prime?
True
Is 1475026151 a prime number?
True
Is 94807399 a composite number?
False
Is 24947192867 prime?
False
Is 27481490317 prime?
True
Is 629279099 a composite number?
True
Is 46004998929 a composite number?
True
Is 1431037417 a prime number?
True
Is 873960953 composite?
False
Is 22366124419 a prime number?
True
Is 1936417709 a composite number?
False
Is 29578142221 a composite number?
True
Is 1382698007 composite?
True
Is 133386566 composite?
True
Is 37797553 prime?
True
Is 4285212473 a prime number?
True
Is 2000794399 composite?
False
Is 3497156591 prime?
False
Is 253949023 composite?
True
Is 22805174209 composite?
True
Is 1240017127 prime?
False
Is 2690521343 a prime number?
True
Is 30443369101 a composite number?
True
Is 41130106889 prime?
True
Is 9712200787 prime?
True
Is 10615661899 composite?
True
Is 5871464031 composite?
True
Is 36677293973 composite?
False
Is 1019569403 a prime number?
True
Is 916482629 composite?
False
Is 1034000341 a composite number?
True
Is 1190700241 prime?
False
Is 83176878647 a prime number?
False
Is 4858343293 prime?
True
Is 163946407 a composite number?
False
Is 371682359 prime?
False
Is 9689578691 prime?
False
Is 43959435757 composite?
False
Is 139311773 a prime number?
False
Is 11138758669 a prime number?
False
Is 894230791 composite?
False
Is 6712707641 a prime number?
True
Is 106873397 a composite number?
False
Is 878114339 a prime number?
False
Is 4785210463 a prime number?
False
Is 3790401206 prime?
False
Is 2760713287 a prime number?
True
Is 22169243671 composite?
True
Is 99051180031 a prime number?
False
Is 2867218633 prime?
True
Is 6896860207 a prime number?
True
Is 66248687282 a prime number?
False
Is 3385954113 a prime number?
False
Is 856672751 a composite number?
True
Is 189032191 a composite number?
False
Is 667859233 composite?
False
Is 378079127 prime?
False
Is 438350611 a prime number?
False
Is 5198795353 a prime number?
True
Is 33796270381 a prime number?
False
Is 345083097 composite?
True
Is 755682803 a prime number?
False
Is 14623092971 a composite number?
False
Is 2340771079 a composite number?
False
Is 29320160977 composite?
True
Is 127054313587 a prime number?
True
Is 58047096677 prime?
True
Is 4545717653 composite?
False
Is 1548725393 prime?
True
Is 15064389083 prime?
True
Is 32926217 a composite number?
False
Is 42276799 a prime number?
False
Is 8689300547 a composite number?
True
Is 3895347286 a composite number?
True
Is 12574334137 prime?
True
Is 46492050851 composite?
False
Is 472239697 prime?
True
Is 1213777637 prime?
False
Is 18106047523 a composite number?
True
Is 11087053003 a prime number?
False
Is 42035836111 a prime number?
True
Is 193797654793 prime?
False
Is 2385033947 a composite number?
False
Is 1279493209 prime?
False
Is 3482777 a prime number?
False
Is 835987849 prime?
True
Is 1213361129 prime?
True
Is 888718849 a prime number?
True
Is 16571108089 composite?
False
Is 399708787 prime?
False
Is 6129390857 composite?
False
Is 262710289 prime?
False
Is 61051553 a composite number?
False
Is 20859834637 a composite number?
False
Is 1667096087 composite?
True
Is 17983933577 composite?
False
Is 239037647 a composite number?
True
Is 44179184909 composite?
True
Is 39708293797 composite?
True
Is 1902301537 composite?
True
Is 2051667533 composite?
False
Is 2186457037 a composite number?
True
Is 1679170571 composite?
True
Is 5533424983 prime?
True
Is 191024273389 a prime number?
False
Is 5500046033 a prime number?
False
Is 758584934 composite?
True
Is 226624469 prime?
True
Is 3287803199 a composite number?
False
Is 304390813 a composite number?
True
Is 54834211 a prime number?
True
Is 188993323067 a prime number?
True
Is 5654573117 prime?
False
Is 27246630055 a composite number?
True
Is 24667453411 composite?
False
Is 494497993 a composite number?
True
Is 122153267 a prime number?
True
Is 3766400509 composite?
True
Is 9205367923 a composite number?
False
Is 8225147587 prime?
False
Is 34529948785 composite?
True
Is 2587741993 composite?
True
Is 1586405993 a composite number?
True
Is 682610311 a prime number?
False
Is 3734869609 a composite number?
False
Is 412277267 a composite number?
False
Is 13597588519 a composite number?
True
Is 3065371457 composite?
True
Is 187070873351 composite?
True
Is 7915339147 a composite number?
True
Is 6726824701 a composite number?
True
Is 1666537681 prime?
True
Is 139972919 a composite number?
False
Is 32016977239 a composite number?
True
Is 570963821 a composite number?
False
Is 3112861753 composite?
False
Is 17778495157 a prime number?
True
Is 1224689903 a composite number?
False
Is 29589909599 a composite number?
False
Is 31681780301 composite?
False
Is 61677988367 a prime number?
True
Is 1697737151 a prime number?
False
Is 3841734623 composite?
False
Is 346921609 prime?
True
Is 115693323 a pr